108 + 16960. Calculate the greatest common divisor of 104 and a.
52
Let s = 921 - 916. Suppose 10 = 5*n - 3*n, y = s*n - 16. Calculate the highest common factor of 15 and y.
3
Let b(t) = 6*t**3 + 3*t**2 + 6*t - 16. Let i be b(4). Let y = 772 - 732. Calculate the greatest common factor of y and i.
40
Suppose -3*w + 3048 = -6*f + 10*f, 0 = -5*w + 2*f + 5028. Calculate the greatest common divisor of 224 and w.
112
Suppose 30 - 132 = 6*c. Let n(w) = 2*w**2 + 34*w + 20. Let o be n(c). What is the greatest common divisor of 180 and o?
20
Let k = 165 + -93. Let d be ((-501)/18)/((-58)/261) + 3/4. Calculate the greatest common divisor of d and k.
18
Let d be ((-36)/(-10))/((-96)/(-160)). Let o(p) = p**3 - 2*p + 2. Let t be o(0). Suppose t*k - 414 = -k. Calculate the highest common factor of d and k.
6
Suppose -2*m = -4*s - 1025 - 135, 0 = 3*m - 5*s - 1735. Calculate the highest common factor of 150 and m.
30
Let r = -70 + 73. Let o be ((-8)/r + 1)*-48. What is the greatest common factor of o and 32?
16
Let v be -9*(-16)/(-144) + (-24)/(-1). Let h(i) = 144*i + 2. Let q be h(-2). Let n = q - -539. Calculate the highest common factor of n and v.
23
Suppose -89 - 19 = -6*o. Let a be (-11)/((-88)/140)*8/10. Let m be (a/(-35))/(1/(-45)). What is the highest common divisor of o and m?
18
Let l be (36/24)/(9/384). Calculate the greatest common factor of 2096 and l.
16
Let c be (-1)/4 - 197/(-4). Suppose 2*t = -3*q + 40, -4*t + 54 + 10 = 5*q. Let n(w) = -4*w + 71. Let f be n(q). Calculate the highest common factor of f and c.
7
Let d be 5/(-50) - (-2)/20. Suppose d = 10*s - 2651 + 101. What is the greatest common factor of 51 and s?
51
Let v = -5 - -14. Let j be (-30)/(-1) + -1 + v/9. Suppose 0 = -35*b + 33*b + 12. What is the highest common divisor of b and j?
6
Let t(x) = 16*x - 17. Let s be t(1). Let w(j) = -447*j**3 + j**2 - 3*j - 3. Let o be w(s). What is the highest common factor of 28 and o?
28
Let g(p) = -12*p + 10*p + 5*p - 14. Let j be g(6). Let y(u) = -2*u**3 + 2*u**2 + u + 32. Let d be y(0). What is the highest common divisor of j and d?
4
Suppose 4*j = -m + 28, -3*m - 23 = 4*j - 99. Suppose -5*g = g - m. Let l be 155 + 3 - (1 + 4/g). Calculate the greatest common factor of 39 and l.
39
Suppose 47*a - 44513 - 112373 = 0. Suppose -108 = a*w - 3347*w. Calculate the highest common divisor of 84 and w.
12
Suppose -202 = -6*d + 5*r, 2*d = 8*r - 9*r + 62. What is the greatest common factor of d and 15?
1
Let t = -989 - -2649. Calculate the highest common divisor of 24 and t.
4
Suppose -16*c + 3*b = -20*c + 714, -c - 2*b = -176. What is the highest common divisor of c and 4?
4
Let s(o) = o**2 - 8*o + 5. Let t be s(7). Let d be ((-1)/t)/((-1)/(-74)). Let n = -4527 - -4564. What is the highest common factor of n and d?
37
Let v(o) = o**2 - 24*o + 151. Let b be v(37). What is the highest common factor of b and 64?
8
Suppose 15 = 8*t - 33. Suppose 15*l = t*l + 45. Let c be 677/l - (-4)/(-10). Calculate the greatest common factor of c and 27.
27
Suppose 0 = -f + 38*s - 43*s + 45, -1 = s. Calculate the greatest common divisor of f and 6250.
50
Suppose d = -n - 1, 0 = -n - 4*d + 8*d - 1. Let h(k) = -33*k**3 + 3*k**2 - 2*k - 4. Let o be h(n). Calculate the greatest common divisor of o and 272.
34
Let y(m) = -m - 8. Let s be y(-8). Suppose s = -3*d + 8 + 7, 4*z - 205 = 3*d. Calculate the highest common factor of 44 and z.
11
Let b = -392 + 394. Suppose -202 = -3*f - 5*s + 349, -5*f = b*s - 912. Calculate the greatest common divisor of 65 and f.
13
Suppose 3*u + 2*g + 4 = 2, -2*u + 24 = -5*g. Suppose -u*f = -6*f + 36. Calculate the highest common factor of 18 and f.
9
Let s = 317 + -461. Let w = -135 - s. What is the greatest common factor of w and 15?
3
Let j = -83 + 121. What is the highest common factor of j and 874?
38
Suppose 2*o + 8*o = 20. Let l = -205 - -210. What is the greatest common divisor of l and o?
1
Suppose -55*q - 3*o = -53*q - 33003, 2*o - 66034 = -4*q. What is the greatest common divisor of q and 172?
172
Let i = -473 + 493. Calculate the highest common factor of i and 1835.
5
Suppose 5*h = -5*d + 2330, -529 = 6*h + 2*d - 3333. What is the highest common factor of 207 and h?
9
Suppose 0 = -1074*r + 1078*r - 512. What is the highest common factor of r and 928?
32
Suppose -8*u + 2*u = -12. Suppose 4*h = -u*c + 42, -2*c + 3*c = 4*h - 51. What is the highest common factor of h and 108?
12
Let y be 1/(-2*1/(-80)). Let i(w) = 5*w**2 - 1557*w + 3110. Let t be i(2). What is the highest common divisor of t and y?
8
Suppose 4*t - 4*c + 240 = 0, -c = -2*c + 5. Let d = 155 + t. Suppose 0 = s + 3*f - 12, -d = 4*s - 9*s + 5*f. Calculate the highest common divisor of 18 and s.
18
Suppose -21 = -3*x - 9. Let r be 21/(-9)*(3 + -6). Let l(p) = -2*p**2 + 18*p - 18. Let q be l(r). What is the highest common divisor of x and q?
2
Suppose v + 10 = 3*v. Suppose 0*d - 3*d = -2*m - 46, -v*m + 18 = 2*d. Let n = 11136 - 11101. Calculate the highest common divisor of d and n.
7
Let u = -359 + 365. Let c be (-64)/u*(-50 - -32). What is the greatest common divisor of 32 and c?
32
Suppose -68 = -31*t + 180. Suppose -l = 3*n - 17, 4*n - t*n + 3*l + 27 = 0. What is the greatest common factor of 9 and n?
3
Let g be 3/(-30) + (-185125)/(-1250). What is the highest common factor of g and 1517?
37
Suppose 16*o - 692 = 12*o. Suppose -t + j = -88, -t = -3*t + 3*j + o. Let g = 361 + -348. Calculate the highest common factor of g and t.
13
Let o be 682/55 - 4/10. Let x be 3/o + (-76)/(-16). Suppose 2*n = -2*z + 60, 3*n - 71 - 89 = -x*z. What is the greatest common divisor of 35 and z?
35
Let l(c) = c**2 - 24*c + 19. Let s be l(10). Suppose w = -4*p + 122, -27 - 102 = -w + 3*p. Let b = w + s. Calculate the greatest common factor of b and 15.
5
Suppose 5*o = 10*o + 10. Let b be (15 - -3)/o + 2. Let m be (-2)/b - 240/(-42). Calculate the greatest common divisor of 3 and m.
3
Let r(a) = 3*a + 27. Let q be r(-9). Suppose q = 2*h - 125 - 51. Suppose 0 = 5*n + w + 3*w - h, 5*n - 82 = -w. What is the greatest common divisor of 64 and n?
16
Let p = 8 + -5. Let n be (-1271)/(-123) - (-10)/6. Suppose 11*i - 276 = -n*i. What is the greatest common divisor of p and i?
3
Let n(r) = -10*r**2 - 76*r - 51. Let t be n(-6). Calculate the greatest common divisor of t and 333.
9
Suppose -11*u + 7*u + 4 = 0. Suppose u + 71 = 6*p. Let b be (-36)/(-3)*(-1)/(-1). Calculate the highest common factor of p and b.
12
Suppose -3 = -r, 0 = -h - 3*r + 4*r + 31. Suppose -7435 = -h*l - 363. Calculate the highest common divisor of 52 and l.
52
Suppose 45739 = 34*r + 4414 - 284871. Calculate the highest common factor of 52 and r.
26
Suppose 2*v = -4, -66 = 185*d - 189*d + 5*v. Calculate the highest common factor of 203 and d.
7
Let m be (415/(-249))/(4/(58176/(-4))). Calculate the highest common factor of 84 and m.
12
Suppose -7 = -4*u - p, 5*p + 0 = -4*u + 3. Suppose 3*f = 21 - 9. Suppose 3*l = 4*a - f, 4*l + l = -4*a + 4. Calculate the greatest common divisor of u and a.
1
Suppose -114*u + 115*u = 14. Suppose -246 + 2262 = u*b. What is the highest common divisor of 180 and b?
36
Suppose 4795 + 4181 = 22*f. Suppose 401*y = f*y - 35. Suppose -4*t + 0 = 4, -298 = -5*o - 2*t. Calculate the highest common factor of o and y.
5
Suppose 163*y + 360 = -170*y + 343*y. What is the greatest common factor of y and 1683?
9
Suppose o + 8 + 1 = 0, 5*z - 15*o = 945. Let l(f) = 10*f**2 + 2*f. Let t be l(-2). Calculate the greatest common factor of t and z.
18
Suppose -19*r + 16*r = -132. Let v be (-11)/3*(r + -74). Calculate the highest common divisor of v and 165.
55
Let j = 443 + -439. Suppose 0 = j*d + 7 - 19. Calculate the greatest common divisor of 4 and d.
1
Let a(m) = -23*m**2 - 5*m**3 - 83*m - 21 + 20 - 18*m**2 + 4*m**3 - 75. Let t be a(-39). What is the highest common divisor of t and 34?
17
Suppose -106*k - 20307 + 31981 = -33906. What is the highest common divisor of k and 10?
10
Suppose 21*p - 32 = 13*p. Let g be (-1)/((1/p)/(31/(-4))). Calculate the highest common factor of g and 217.
31
Let u be 1 + ((-2)/18 - (-80)/72) + 3294. Calculate the greatest common factor of 8 and u.
8
Let x be ((-1 - 1) + 4)/((-91)/(-1092)). What is the greatest common divisor of x and 114?
6
Let o(i) = i**3 + 14*i**2 - 19*i - 49. Let z(d) =